 Let r be l(8). Let n = -8 + r. What is the tens digit of n?
1
Suppose -90 = 12*s + 3*s. Let d(k) = -k**2 + 6*k + 9. Let z(b) = 5*b**2 - 23*b - 36. Let p(t) = -9*d(t) - 2*z(t). What is the units digit of p(s)?
3
Suppose 8*r = 3*r - 285. Let z = 64 + r. What is the units digit of z?
7
Let b(w) be the second derivative of -w**5/20 + w**4/4 - w**2 + w. Let t = 25 - 27. What is the tens digit of b(t)?
1
Let u = -73 - -137. Let b = u + -30. What is the units digit of b?
4
Let r(h) = -h**3 + h**2 - h + 3. Let j(p) = 2*p**3 - p**2 + 2*p - 5. Let q(c) = 3*j(c) + 5*r(c). Let m be q(-2). What is the tens digit of (-3)/m*(22 - 8)?
2
Let y = 120 + 2. What is the hundreds digit of y?
1
Let i(q) = 32*q - 51. What is the hundreds digit of i(11)?
3
Let m = 8 - 6. Let u = m + -73. What is the units digit of (-3)/(-9) + u/(-3)?
4
Suppose 6*v - 2*v - 12 = 0, 2*w - 2*v + 10 = 0. What is the hundreds digit of (((-32)/6)/w)/((-50)/(-2925))?
1
Suppose -4*k + 79 = 31. Let r = k - 10. Suppose 0 = r*u + 4 - 42. What is the units digit of u?
9
What is the hundreds digit of (2004/(-7))/((-41)/287)?
0
Let v(l) = -28*l + 1. Let n be v(-1). Suppose 4*a - n = -2*g + g, 25 = 5*g. Suppose a*y = 163 + 17. What is the units digit of y?
0
Suppose -22*f + 4 = -21*f. Suppose -f*a + 203 = -41. What is the tens digit of a?
6
Let y be (-12 - -20)*(5/2)/5. Let t(o) = 40*o**2. Let r be t(3). Suppose 0 = -y*v - v + r. What is the tens digit of v?
7
Suppose 4*h - 79 - 285 = 0. Let v = h + 50. What is the tens digit of v?
4
What is the hundreds digit of (766*(4 + -3))/(6/9)?
1
Let q(r) = -7*r**3 + 3*r**2 + 4*r + 1. Let f(x) = -x**3 + 3*x**2 + 7*x - 6. Let w be f(4). Suppose -4 + 16 = -w*g. What is the tens digit of q(g)?
6
What is the tens digit of (-64 + -1788)*(-1)/4?
6
Let v = -156 - -1964. What is the units digit of v?
8
Let v(j) = -3*j + 79 + 2*j**2 - 24 - 2*j**2 + 4*j**2. What is the units digit of v(8)?
7
What is the units digit of (57/38)/(6/616)?
4
Let r = -174 - -262. Suppose -110*n = -115*n + 70. What is the units digit of 2/(-7) + r/n?
6
Let y = 1171 + 79. What is the hundreds digit of y?
2
Let t = -81 - -101. Suppose -3*o = -1 + 4. Let v = t - o. What is the units digit of v?
1
Let o(u) = -18 + u - u**2 - u**2 - 9*u. Let g be o(-8). Let i = -42 - g. What is the units digit of i?
0
Suppose 4*q - 5441 = -3*r + 9*q, 4*r - 3*q = 7273. What is the thousands digit of r?
1
Let a be 2/4*2 - 1. Suppose 11*t - 8*t - 246 = a. What is the tens digit of t?
8
Suppose -136*a + 139*a = 357. Suppose -35 + a = w. What is the tens digit of w?
8
Let c = -497 - -1046. What is the tens digit of c?
4
Suppose 7763 + 3613 = 24*y. What is the hundreds digit of y?
4
Suppose 2669 - 929 = 4*l. What is the units digit of l?
5
Let v(u) be the third derivative of u**5/60 - u**4/6 + 2*u**3/3 - u**2. Let t be v(3). What is the units digit of 6 + -3 + 1/t?
4
Let h be 4 + -1*1 + (-44 - -47). Let q(n) = n + 20. What is the units digit of q(h)?
6
What is the units digit of ((-154)/56)/(((-3)/188)/3)?
7
Let g be ((-32)/56)/(2/(-7)). Suppose g*b - 192 = -62. What is the units digit of b?
5
Suppose 5*k = -2*s + 131, 5*s - 254 = -k + 85. Let u be 10/(-15)*(-33)/2. Suppose u*x + s = 15*x. What is the units digit of x?
7
What is the hundreds digit of ((-159)/6)/((-7)/(4200/10))?
5
Let b = -3359 + 6314. What is the tens digit of b?
5
Let p be (-1)/(-2)*156/26. Suppose 0 = -p*o + w + 61, 124 = 4*o - 2*w + 46. What is the tens digit of o?
2
Let d = 1046 + 3536. What is the hundreds digit of d?
5
Suppose -3*k = 5*m - 880, -4*m + 407 = k + 116. What is the hundreds digit of k?
2
Suppose 9*l - 9189 = 6498. What is the thousands digit of l?
1
Suppose 2*a + a = 12. Let t be -1 - -84 - (-5 + 2 + 7). Suppose 199 - t = a*s. What is the units digit of s?
0
Let k = -11 + 11. Suppose 2*v = -u + 73, 2*v - 70 = -k*v + 2*u. Let j = 59 - v. What is the units digit of j?
3
Suppose 6*k - 7*k + 220 = 3*t, -4*k = -t + 56. What is the tens digit of t?
7
Let r(w) = 1 - 2 + 7*w**2 + w + 3 + 0. What is the tens digit of r(2)?
3
Let y = 199 - 133. Suppose -3*o = -0*o - y. What is the tens digit of o?
2
Let h = 366 - 243. Let z = 184 - h. What is the units digit of z?
1
Let w(y) = -y**3 - 5*y - 4. What is the units digit of w(-1)?
2
Let f = -35 + 21. What is the units digit of ((2 - 2) + -2)*f?
8
Suppose -5*h + k + 198 = 0, -k = -h + 39 + 3. What is the units digit of h?
9
Suppose 5*t - r + 2973 = 10441, -5957 = -4*t - 5*r. What is the tens digit of t?
9
What is the tens digit of (-2251)/(-3) - (-15)/(180/8)?
5
Let u be 4 + 15/(-3) - -2. What is the units digit of (u*2)/((-10)/(-10))?
2
Suppose 2*m - 78 - 1094 = 0. What is the hundreds digit of m?
5
Let k(s) = s**2 - s + 15. Let o be k(15). Suppose -o = -5*w + 130. What is the units digit of w?
1
Suppose -4*v = -11 - 5. Suppose -5*i - 5*u = -0*i - 95, 5*i - 95 = -v*u. What is the tens digit of i?
1
Let a(r) = -r**3 - 13*r**2 + 9*r - 4. What is the units digit of a(-14)?
6
Let d = 339 + 402. What is the hundreds digit of d?
7
Suppose 2*j - 10 = 4. Let w = 28 + -26. Suppose j*u = w*u + 30. What is the units digit of u?
6
Suppose -6*h - 540 = -11*h - 5*i, i = 5*h - 546. Let c(x) = 105*x**3 + x**2. Let r be c(1). Suppose h + r = 5*g. What is the units digit of g?
3
What is the hundreds digit of 22/110 + 3008/10?
3
Let k(l) = -l**2 - 10*l + 15. Suppose -3*i = 2*i - 5, -4*o + 9 = 5*i. Suppose x - o = -12. What is the units digit of k(x)?
4
Suppose -2*r = -k + 292 + 46, -5*r = -4*k + 1346. What is the tens digit of k?
3
Suppose 81*s - 6 = 82*s. What is the hundreds digit of (-2)/(2*s/1260)?
2
Let z(b) = -b**3 - b**2 + 360. Let y be z(0). Suppose -y = -2*a - 2*a. What is the units digit of a?
0
Let l = 38 + 4. What is the units digit of (-208)/3*l/(-28)?
4
Let w = 344 - 303. Let g(h) = h**2 + 3*h - 2. Let t be g(-4). Suppose -t*l = x - 5*l - 3, l = -2*x + w. What is the units digit of x?
8
Suppose -3*q + 6*q = -90. Let f(l) = l**3 + 11*l**2 + 6*l + 11. Let c be f(-10). Let d = q + c. What is the units digit of d?
1
Suppose -35*b = -26*b - 48015. What is the hundreds digit of b?
3
Let k(c) = 52*c - 180. What is the tens digit of k(11)?
9
Let b(x) = -x + 12. Suppose 4*v + 2*a = 22, v + 5*a = -2*v + 27. Suppose k - 3*j = v*k - 3, -j = 2*k - 7. What is the units digit of b(k)?
6
What is the tens digit of 219/(-3)*(-18 + 8 + -3)?
4
Let g = 460 + -42. What is the tens digit of g?
1
Let b = -2 + 5. Suppose b*w - 3 = -3*q, -5 + 4 = q + 3*w. Suppose 11 + q = v. What is the units digit of v?
3
Let u be (-10 - -1)*2/(-6). What is the tens digit of (-365)/(-15)*u/1?
7
Suppose 0 = -w - 5*y + 16, -3*w - 2*y + 4*y = 3. What is the hundreds digit of (w/(-2))/(1/(-234))?
1
Suppose -u + 3*u - 36 = 0. Let r(s) = s**3 - 17*s**2 - 14*s. What is the tens digit of r(u)?
7
What is the units digit of 20/40 - (-1938)/4?
5
Let k(l) = -l**2 + 6*l + 55 + 5*l - 66. Let g be k(9). Suppose d - g*d + 162 = 0. What is the tens digit of d?
2
Suppose 206 = 4*u - 2*u. Let n = 191 - u. What is the tens digit of n?
8
Let h be -1*(-4)/((-8)/(-6)). Let y be -4 + h + (-4)/(-1). What is the units digit of (-8)/(2 - y - 1)?
4
Let d be 3 + (-8)/4*-3. Suppose -v + 0 = -d. What is the units digit of v?
9
Let h(l) be the second derivative of l**5/20 + 19*l**4/12 - l**3/3 - 15*l**2/2 - 19*l. What is the tens digit of h(-19)?
2
Suppose 5*w - g = -6*g - 55, 0 = w - 4*g + 36. What is the hundreds digit of (9/5*w)/(2/(-10))?
1
Suppose p - 4*b = b + 1264, -2*b = -8. What is the units digit of p?
4
Suppose -10*g = -6*g + 3*f - 503, -3*g - 3*f = -381. What is the units digit of g?
2
Let v(g) = -g**2 + 16*g - 4. Let k be v(13). Let s = -14 + k. What is the units digit of s?
1
Let h(u) = 8*u + 10. Let i(m) = -5*m - 5. Let g(d) = 6*d + 6. Let b(k) = -6*g(k) - 7*i(k). Let j(q) = 22*b(q) + 2*h(q). What is the tens digit of j(-2)?
1
Let s(k) = -k**3 + 22*k**2 - k + 4. What is the units digit of s(8)?
2
Suppose -11 = -5*a + 39. Suppose -4*u + 6 + a = 0. Suppose -u*v + 114 = -6. What is the units digit of v?
0
Let k(r) = -r**3 + 4*r**2 - 4*r + 3115. What is the tens digit of k(0)?
1
Let h be 12/4 + (1 - 7). Let u = h + -12. What is the tens digit of (-200)/u*(-6)/(-4)?
2
Let o = -1173 - -1671. What is the hundreds digit of o?
4
Let x(q) = 72*q**2 - 3*q + 2. Let y